vided by 9.
5
What is the remainder when 556 is divided by 74?
38
Calculate the remainder when 8578 is divided by 55.
53
What is the remainder when 165 is divided by 160?
5
Calculate the remainder when 1192 is divided by 176.
136
What is the remainder when 1000 is divided by 248?
8
Calculate the remainder when 77 is divided by 20.
17
Calculate the remainder when 90 is divided by 26.
12
Calculate the remainder when 112 is divided by 23.
20
What is the remainder when 178 is divided by 112?
66
What is the remainder when 454 is divided by 86?
24
What is the remainder when 679 is divided by 221?
16
Calculate the remainder when 68 is divided by 35.
33
What is the remainder when 23 is divided by 6?
5
Calculate the remainder when 88 is divided by 25.
13
Calculate the remainder when 105 is divided by 14.
7
What is the remainder when 357 is divided by 92?
81
Calculate the remainder when 148 is divided by 9.
4
What is the remainder when 103 is divided by 38?
27
Calculate the remainder when 2222 is divided by 14.
10
Calculate the remainder when 71 is divided by 32.
7
What is the remainder when 312 is divided by 159?
153
Calculate the remainder when 3774 is divided by 1249.
27
What is the remainder when 236 is divided by 17?
15
Calculate the remainder when 38134 is divided by 168.
166
Calculate the remainder when 205 is divided by 51.
1
What is the remainder when 145 is divided by 10?
5
Calculate the remainder when 248 is divided by 86.
76
What is the remainder when 384 is divided by 3?
0
What is the remainder when 104 is divided by 60?
44
What is the remainder when 5699 is divided by 46?
41
Calculate the remainder when 1177 is divided by 31.
30
Calculate the remainder when 58 is divided by 10.
8
Calculate the remainder when 9 is divided by 3.
0
What is the remainder when 14888 is divided by 21?
20
Calculate the remainder when 2588 is divided by 74.
72
Calculate the remainder when 15402 is divided by 73.
72
Calculate the remainder when 104 is divided by 45.
14
What is the remainder when 830 is divided by 803?
27
What is the remainder when 48 is divided by 15?
3
Calculate the remainder when 260 is divided by 12.
8
Calculate the remainder when 3030 is divided by 138.
132
Calculate the remainder when 1650 is divided by 411.
6
Calculate the remainder when 5278 is divided by 120.
118
Calculate the remainder when 11697 is divided by 65.
62
What is the remainder when 69 is divided by 25?
19
What is the remainder when 86 is divided by 30?
26
Calculate the remainder when 3183 is divided by 630.
33
Calculate the remainder when 82 is divided by 29.
24
Calculate the remainder when 139 is divided by 30.
19
Calculate the remainder when 239 is divided by 19.
11
What is the remainder when 678 is divided by 77?
62
What is the remainder when 238 is divided by 10?
8
Calculate the remainder when 258 is divided by 29.
26
Calculate the remainder when 2947 is divided by 421.
0
What is the remainder when 35 is divided by 13?
9
Calculate the remainder when 13586 is divided by 79.
77
Calculate the remainder when 5432 is divided by 29.
9
Calculate the remainder when 392 is divided by 36.
32
Calculate the remainder when 319 is divided by 7.
4
Calculate the remainder when 324 is divided by 7.
2
Calculate the remainder when 33 is divided by 14.
5
What is the remainder when 242 is divided by 80?
2
What is the remainder when 6802 is divided by 14?
12
What is the remainder when 2420 is divided by 143?
132
What is the remainder when 43 is divided by 21?
1
What is the remainder when 191 is divided by 155?
36
What is the remainder when 5124 is divided by 11?
9
What is the remainder when 146 is divided by 49?
48
What is the remainder when 383 is divided by 16?
15
Calculate the remainder when 214 is divided by 75.
64
Calculate the remainder when 1402 is divided by 21.
16
Calculate the remainder when 293 is divided by 49.
48
Calculate the remainder when 70 is divided by 11.
4
Calculate the remainder when 253 is divided by 168.
85
What is the remainder when 462 is divided by 48?
30
What is the remainder when 78 is divided by 7?
1
What is the remainder when 537 is divided by 129?
21
Calculate the remainder when 3296 is divided by 29.
19
What is the remainder when 700 is divided by 15?
10
Calculate the remainder when 77 is divided by 17.
9
Calculate the remainder when 682 is divided by 36.
34
Calculate the remainder when 610 is divided by 52.
38
Calculate the remainder when 26168 is divided by 23.
17
Calculate the remainder when 37 is divided by 15.
7
Calculate the remainder when 439 is divided by 44.
43
What is the remainder when 538 is divided by 49?
48
What is the remainder when 254 is divided by 127?
0
Calculate the remainder when 268 is divided by 90.
88
Calculate the remainder when 142 is divided by 39.
25
Calculate the remainder when 105 is divided by 44.
17
What is the remainder when 4227 is divided by 37?
9
Calculate the remainder when 7258 is divided by 137.
134
Calculate the remainder when 159 is divided by 21.
12
What is the remainder when 1007 is divided by 6?
5
What is the remainder when 104 is divided by 19?
9
Calculate the remainder when 78 is divided by 30.
18
Calculate the remainder when 325 is divided by 85.
70
Calculate the remainder when 119 is divided by 24.
23
Calculate the remainder when 122 is divided by 49.
24
What is the remainder when 223 is divided by 49?
27
What is the remainder when 2481 is divided by 35?
31
What is the remainder when 750 is divided by 20?
10
Calculate the remainder when 154 is divided by 33.
22
Calculate the remainder when 806 is divided by 45.
41
What is the remainder when 1240 is divided by 315?
295
What is the remainder when 687 is divided by 173?
168
What is the remainder when 1540 is divided by 103?
98
Calculate the remainder when 286 is divided by 104.
78
Calculate the remainder when 699 is divided by 18.
15
What is the remainder when 2338 is divided by 27?
16
What is the remainder when 518 is divided by 73?
7
What is the remainder when 671 is divided by 86?
69
Calculate the remainder when 172 is divided by 140.
32
What is the remainder when 45 is divided by 12?
9
Calculate the remainder when 1264 is divided by 241.
59
What is the remainder when 1128 is divided by 261?
84
Calculate the remainder when 31 is divided by 25.
6
What is the remainder when 426 is divided by 61?
60
Calculate the remainder when 371 is divided by 181.
9
What is the remainder when 856 is divided by 110?
86
Calculate the remainder when 1604 is divided by 15.
14
Calculate the remainder when 17 is divided by 7.
3
Calculate the remainder when 1426 is divided by 284.
6
What is the remainder when 279 is divided by 113?
53
Calculate the remainder when 113 is divided by 17.
11
Calculate the remainder when 12471 is divided by 17.
10
Calculate the remainder when 5271 is divided by 91.
84
Calculate the remainder when 403 is divided by 147.
109
Calculate the remainder when 1247 is divided by 398.
53
What is the remainder when 662 is divided by 192?
86
Calculate the remainder when 246 is divided by 32.
22
Calculate the remainder when 688 is divided by 181.
145
What is the remainder when 79 is divided by 27?
25
What is the remainder when 446 is divided by 167?
112
Calculate the remainder when 341 is divided by 43.
40
Calculate the remainder when 920 is divided by 66.
62
Calculate the remainder when 2715 is divided by 143.
141
What is the remainder when 111 is divided by 43?
25
What is the remainder when 856 is divided by 62?
50
What is the remainder when 245 is divided by 36?
29
What is the remainder when 38 is divided by 19?
0
What is the remainder when 306 is divided by 11?
9
What is the remainder when 126 is divided by 19?
12
Calculate the remainder when 5536 is divided by 789.
13
What is the remainder when 1669 is divided by 52?
5
Calculate the remainder when 375 is divided by 73.
10
Calculate the remainder when 2143 is divided by 65.
63
Calculate the remainder when 490 is divided by 33.
28
Calculate the remainder when 56 is divided by 16.
8
What is the remainder when 530 is divided by 28?
26
Calculate the remainder when 1291 is divided by 48.
43
What is the remainder when 85 is divided by 30?
25
Calculate the remainder when 95 is divided by 4.
3
What is the remainder when 68